5*b, -3*b - 68 = z*i. What is the units digit of b/12*-18 - 2*-1?
6
Let m = 1244 + -655. Let w = m - 406. Suppose -3*f + w + 51 = 0. What is the tens digit of f?
7
Suppose 4*m + 22 = 14. Let n be (89 - (m - 0)) + 3. Suppose -3*d + 0*z = 3*z - 69, 0 = -5*d + 2*z + n. What is the units digit of d?
0
Let w(v) = -75*v - 101. Let c(l) be the third derivative of -5*l**4/8 - 10*l**3/3 - 6*l**2. Let a(o) = 11*c(o) - 2*w(o). What is the tens digit of a(-4)?
4
Let s(z) = 18*z**2 - 15*z - 8. Let t be s(6). Let n = -334 + t. What is the units digit of n?
6
Let s be ((-1)/7 - 340/119) + 9. What is the tens digit of -2*(s/9)/((-8)/570)?
9
Suppose 1649520 = -26*g + 105*g. What is the units digit of g?
0
Suppose 4*p - 37849 = -5*s, 50*s - 37829 = -4*p + 49*s. What is the hundreds digit of p?
4
Let z(q) = q**3 - 17*q**2 - 9*q + 63. Let m = -20 - -10. Let a be (5 + (-61)/5)/(4/m). What is the units digit of z(a)?
5
Suppose -5*x = 582*n - 587*n + 94385, -3*n + 56631 = 4*x. What is the ten thousands digit of n?
1
What is the hundreds digit of (-83)/(581/(-80262)) - (-2 - (1 - 2))?
4
Suppose 5*y - 3*w = 26 - 3, -3*y - 4*w = -37. Suppose -y*b + 4 = -66. Suppose b*x - 1316 = 144. What is the tens digit of x?
4
Let q = -28228 - -47243. What is the tens digit of q?
1
Suppose 2*u = 8*u - 37800. What is the units digit of u?
0
What is the thousands digit of -17 + 35 - 2 - -18362?
8
Let l = -15 + 17. Let o(p) = 151*p**2 + 3*p - 10. What is the units digit of o(l)?
0
Let h(g) = -g - 5. Let b be (-5 - -3 - -3) + -9. Let m be h(b). What is the tens digit of 106 - (m - -1) - (1 + -1)?
0
Suppose 13*l + b - 656488 = -3*b, -4*l + 202015 = -5*b. What is the thousands digit of l?
0
Suppose -31*z + 135 = 3*y - 34*z, 2*y + 4*z - 72 = 0. Suppose -43*r + 319 = -y*r. What is the hundreds digit of r?
3
Let p(i) = 77*i - 1. Let u be p(5). Suppose 3*c - u = 4*x, 2*x + 16 = -5*c - 150. Let m = 166 + x. What is the tens digit of m?
7
What is the tens digit of ((-4)/(-6) + (-98)/84)*-67798?
9
Let w = 3070 + -1931. What is the units digit of w?
9
Let i(r) = -13 - 8 + 3*r + 54 - 16. Let n be i(6). Let a = 99 - n. What is the units digit of a?
4
Suppose -67*p = -60*p - 14. Suppose 0*t = -5*t + p*d + 4773, -3*d = -3*t + 2862. What is the units digit of t?
5
Let z = 7646 - 5194. What is the hundreds digit of z?
4
What is the ten thousands digit of (230/69)/((-9)/(121176/(-1)))?
4
Let y(z) = -13 - 6*z + 6 - 6. Let k be y(-5). Suppose -5*a = 2 - k. What is the units digit of a?
3
Let u(m) = 5*m**2 + 1 + 3*m**2 - 11 + m**2. Suppose -3*h - 5*b - 7 = 0, -8 = -12*h + 13*h - 4*b. What is the hundreds digit of u(h)?
1
Let h = 20097 - 17532. What is the hundreds digit of h?
5
Let p be 8/(-4)*(-1 - 5/10). Suppose 5*b = o + 5, -b - o - 2 = -p*b. What is the units digit of b?
1
Let w(k) = -k**2 - 9*k - 2. Let q be w(-7). Let y(m) = -20 - 12 + q + 13*m. What is the tens digit of y(6)?
5
Suppose -2*a - 2*p = -43652, -16010 = -a - 12*p + 5794. What is the thousands digit of a?
1
Let c(f) be the third derivative of 11*f**2 - 1/6*f**4 + 0 + 1/6*f**3 + 0*f + 1/10*f**5. What is the units digit of c(-2)?
3
Let u(c) be the second derivative of -59*c**3/6 - 51*c**2/2 - 2*c + 29. What is the tens digit of u(-5)?
4
Let a(c) be the first derivative of c**3/3 + 15*c**2/2 + 7*c + 1. Let n be 5/((-30)/9)*12. What is the tens digit of a(n)?
6
Suppose 0 = -9*t + 79 - 25. Let h = -9 - -17. Suppose 0 = -h*m + t*m + 62. What is the tens digit of m?
3
Let u be (3 - 6118)*(-2)/(-4 + 6). Suppose y + r - u = -4*y, 0 = -2*y + 4*r + 2468. What is the thousands digit of y?
1
Let x be 0 + (17 - 8) + -7. Suppose x*c + m = 4*c - 1317, 2631 = 4*c - m. What is the tens digit of c?
5
Let l be 0 + 25/(-5) + 252. Let m = l - 89. What is the tens digit of m?
5
Let o(n) = -3*n - 27. Let x be o(-9). Suppose 0*c + 4*c + 2*c = x. Suppose c = 5*a + 25, a + 4*a = -m + 97. What is the units digit of m?
2
Let s(h) = h + 16. Let x be s(-14). Suppose -4*t - 48 = 4*v, -t - 3 = x*v + 10. Let d = t + 32. What is the tens digit of d?
2
Let x = -34942 - -106763. What is the thousands digit of x?
1
Suppose -178334 = 71*k - 31*k - 59*k. What is the thousands digit of k?
9
Let d(u) = 24 + 12*u**2 + 17*u**2 - 13*u - 24*u**2 + 5*u. What is the units digit of d(12)?
8
Suppose 0 = -15*b + 45 - 435. Let k(v) = -v**3 - 3*v**2 + 4*v + 8. Let u be k(-6). Let z = u + b. What is the tens digit of z?
6
Let a = -133 - -431. Suppose -a = -3*x + 467. What is the units digit of x?
5
Suppose -26*l = -2*q - 27*l + 11414, -3*l = 3*q - 17127. What is the tens digit of q?
0
Let a = 29 - 31. Let g be -3 - (a + 3)*-8. Suppose -127 + 12 = -g*v. What is the tens digit of v?
2
Suppose -9*n - 23*n + 229618 = -228078. What is the tens digit of n?
0
Let b(d) = -11304*d + 102. What is the tens digit of b(-1)?
0
Suppose 84*o - 161515 = -3*i + 89*o, -107679 = -2*i + 3*o. What is the units digit of i?
0
Suppose 4*k = 8, 5*k = -6*q + 2*q - 2406. Let s = 665 + q. What is the units digit of s?
1
Let i(b) = -15*b + 6. Let g be i(2). What is the hundreds digit of 192 - (68/(-16) + (-6)/g)?
1
What is the units digit of (8590 - 0)/((-51)/(-9) - 5)?
5
Let s(n) = -n - 4. Let g be s(-8). Suppose 14 = 3*o + a - 1, g*a = 5*o - 25. Suppose 0 = -o*b - 106 + 711. What is the hundreds digit of b?
1
Suppose 3*y - 336 = -4*g + 6680, 2*g = 2*y + 3494. What is the thousands digit of g?
1
Let a = 159139 + -79800. What is the tens digit of a?
3
Let z = -4 + 3. Let c(u) be the second derivative of 119*u**4/12 + u**3/6 + u**2/2 - 9*u + 133. What is the units digit of c(z)?
9
Suppose -41*h + 20*h + 37*h = 187408. What is the tens digit of h?
1
Suppose 2*a + 5*s = 176, 0 = 4*a - 2*s - 2*s - 296. Suppose t = -7*z + 9*z - a, 0 = 3*t + 3*z + 270. What is the tens digit of 2/1 + (7 + -8)*t?
8
What is the tens digit of 4 + (-342)/84 - (-53721)/42?
7
Let z = 10828 + -5394. What is the units digit of z?
4
Let l = -121 - -188. What is the hundreds digit of l/(4/52 - 0)?
8
What is the thousands digit of (-1204)/(-3)*((-13 - 909/(-18)) + -3)?
3
Let m(n) = 4*n**3. Let q be m(-1). Let x be (49 - -4) + q + -2. Suppose -5*t = 2*r - 222, -t + 2*t - x = -3*r. What is the tens digit of t?
4
Suppose -12*f = -10*f + g - 4872, 3*f - 7308 = -2*g. What is the hundreds digit of f/24 + 3/(-12)*-2?
1
Suppose -9 - 3 = -x. Suppose -119*p - x = -123*p. Suppose 4*g + 994 = 2*r + 3*r, 593 = p*r + g. What is the units digit of r?
8
Let a(t) = 24*t**2 + 70*t**2 + t - 7*t - 7 + 5*t - 5*t. What is the thousands digit of a(4)?
1
Let q(r) be the third derivative of r**5/30 + r**4/24 - 20*r**3/3 + 134*r**2. What is the tens digit of q(-20)?
4
Suppose -9*j = -10 + 1. What is the tens digit of (28/(-5))/(j/(-85))?
7
What is the hundreds digit of -5 - ((0 + -58830)/(-2))/(243 - 244)?
4
Suppose 0*h - 56476 = -14*h. What is the hundreds digit of h?
0
Let r = 18 - 43. Let v = r - -27. Suppose 230 = -0*x + v*x. What is the units digit of x?
5
Let v(l) = 753*l**2 + 2*l - 4. Let z = -561 - -562. What is the units digit of v(z)?
1
Let n(j) = 2*j**2 + 6*j + 5. Let z be n(-3). Suppose z*i - 5 = 20. Suppose 3*u - 327 = -5*k, -i*k + 4*u + 10 = -324. What is the tens digit of k?
6
Let s(g) = g**3 + 48*g**2 + 121*g - 50. Let x be s(-45). Suppose x = -6*f + 1732. What is the tens digit of f?
9
Let h = -92 - -62. Let y = 30 + h. Suppose y = -4*v - 2*v + 54. What is the units digit of v?
9
Let t(d) = -129*d - 1. Let f be t(-10). Let q = f - 775. What is the units digit of q?
4
Let h = 74662 - 41844. What is the hundreds digit of h?
8
Let c(m) = 1054*m - 6564. What is the tens digit of c(28)?
4
Let v be (17*7)/1 - (2 + -1). Let t = v + 132. Let y = -154 + t. What is the tens digit of y?
9
Let j(p) = 124*p**3 + 31 + 2*p**2 - 10 + 10 - 17*p. What is the units digit of j(2)?
7
Suppose -27519 + 3572 = -2*s - 7*j, -2*s + 23919 = 3*j. What is the ten thousands digit of s?
1
Let z(c) = 28*c**2 + 6*c - 24. Let h be z(3). What is the hundreds digit of 6 + h + 5 + -2?
2
Suppose 13*z = -29*z + 210. Let v(y) = 70*y - 122. What is the hundreds digit of v(z)?
2
Let a = -16 - -38. Suppose r = -5*s - 17, 2*r + s - a = 5*s. Suppose 3*y - 24 = 7*h - 2*h, 4*y - r*h - 43 = 0. What is the units digit of y?
3
Let i = -67842 + 127948. What is the ten thousands digit of i?
6
Let v(w) = 21*w**